 number?
False
Is 79757 composite?
False
Is 11413 prime?
False
Is 3571 a composite number?
False
Is 2237 prime?
True
Is 3313 composite?
False
Is 27253 prime?
True
Is 258591 a composite number?
True
Is 103909 composite?
True
Is 2195315 prime?
False
Is 186727 prime?
True
Is 3499 composite?
False
Is 2723161 a composite number?
True
Is 1267481 composite?
False
Is 158857 a composite number?
True
Is 161009 a composite number?
False
Is 48227 prime?
False
Is 686099 a composite number?
False
Is 22613 composite?
False
Is 9489 a composite number?
True
Is 423457 prime?
True
Is 93935 composite?
True
Is 553645 a composite number?
True
Is 2797 a composite number?
False
Is 82183 a prime number?
True
Is 642583 composite?
True
Is 37911 a composite number?
True
Is 100169 composite?
False
Is 143711 composite?
False
Is 121301 a composite number?
True
Is 132437 a prime number?
True
Is 143511 a composite number?
True
Is 317483 prime?
True
Is 17809 a composite number?
True
Is 134731 prime?
True
Is 2351 a prime number?
True
Is 70331 a composite number?
True
Is 4811 a prime number?
False
Is 60247 prime?
False
Is 3314995 a prime number?
False
Is 93229 composite?
False
Is 38393 a composite number?
False
Is 1325807 a composite number?
True
Is 42553 composite?
True
Is 202 prime?
False
Is 38819 composite?
True
Is 824911 a prime number?
True
Is 23533 a prime number?
False
Is 4188647 a prime number?
False
Is 39651 a composite number?
True
Is 79251 a prime number?
False
Is 5223 a composite number?
True
Is 381 prime?
False
Is 239671 a composite number?
False
Is 45161 composite?
False
Is 3089857 a prime number?
True
Is 737 a prime number?
False
Is 358951 composite?
False
Is 523903 a composite number?
False
Is 36289 a composite number?
True
Is 4981 a prime number?
False
Is 397901 a prime number?
False
Is 200947 composite?
True
Is 769117 a prime number?
True
Is 139217 a prime number?
False
Is 14165 prime?
False
Is 25934 a prime number?
False
Is 3637 composite?
False
Is 674131 prime?
True
Is 117389 prime?
True
Is 28445 a composite number?
True
Is 5951 composite?
True
Is 460871 composite?
False
Is 21857 a composite number?
True
Is 7445 a prime number?
False
Is 235763 a composite number?
True
Is 33107 composite?
False
Is 63823 a composite number?
False
Is 14109 composite?
True
Is 3993269 composite?
True
Is 88547 prime?
True
Is 56891 a prime number?
True
Is 44633 composite?
False
Is 19 composite?
False
Is 28979 a composite number?
False
Is 4738217 a prime number?
False
Is 6319 a composite number?
True
Is 677363 composite?
True
Is 637033 composite?
True
Is 27299 a composite number?
False
Is 14393 a prime number?
False
Is 461366 prime?
False
Is 491527 a composite number?
False
Is 108781 composite?
True
Is 853541 prime?
False
Is 5261 composite?
False
Is 285329 a composite number?
True
Is 1128649 a prime number?
False
Is 109439 composite?
True
Is 4621 composite?
False
Is 306329 prime?
True
Is 12319 composite?
True
Is 111187 prime?
True
Is 59 prime?
True
Is 353551 a composite number?
True
Is 58885 composite?
True
Is 15259 composite?
False
Is 152231 a prime number?
True
Is 1637 a prime number?
True
Is 731 a composite number?
True
Is 13669 a prime number?
True
Is 284927 composite?
False
Is 1093357 prime?
True
Is 22303 prime?
True
Is 992771 prime?
False
Is 281269 composite?
True
Is 66145 composite?
True
Is 697649 a composite number?
True
Is 1699171 composite?
True
Is 404951 prime?
True
Is 122926 composite?
True
Is 107657 a prime number?
False
Is 358165 prime?
False
Is 90893 a prime number?
False
Is 960073 prime?
False
Is 689611 prime?
False
Is 52783 a composite number?
False
Is 607471 a prime number?
True
Is 8663 a composite number?
False
Is 1061 composite?
False
Is 70709 composite?
False
Is 189933 prime?
False
Is 21023 a composite number?
False
Is 40759 composite?
False
Is 2159 composite?
True
Is 2767 a prime number?
True
Is 5581 composite?
False
Is 3007 prime?
False
Is 691 composite?
False
Is 285459 composite?
True
Is 4267 composite?
True
Is 26843 composite?
True
Is 91835 composite?
True
Is 23381 prime?
False
Is 831509 prime?
False
Is 6073 a composite number?
False
Is 23189 a composite number?
False
Is 3557 composite?
False
Is 253243 a composite number?
False
Is 29157 composite?
True
Is 3212423 a composite number?
False
Is 90847 a composite number?
False
Is 131 prime?
True
Is 160585 a prime number?
False
Is 411637 a prime number?
True
Is 65791 a prime number?
False
Is 65251 prime?
False
Is 9007 a prime number?
True
Is 93569 prime?
False
Is 251383 a composite number?
True
Is 26749 composite?
True
Is 131861 prime?
True
Is 227813 composite?
True
Is 105857 prime?
False
Is 17734 composite?
True
Is 25001 prime?
False
Is 1437 prime?
False
Is 14969 composite?
False
Is 366677 a prime number?
True
Is 12323 prime?
True
Is 20299 prime?
False
Is 187402 composite?
True
Is 400573 a prime number?
False
Is 57481 a prime number?
False
Is 71653 a prime number?
False
Is 1110878 a composite number?
True
Is 28879 a composite number?
False
Is 190573 prime?
True
Is 3013 prime?
False
Is 216881 composite?
True
Is 6437 prime?
False
Is 5227 a prime number?
True
Is 1256989 a composite number?
False
Is 634897 prime?
False
Is 42533 prime?
True
Is 760145 prime?
False
Is 186047 a prime number?
False
Is 36263 a composite number?
False
Is 2929 prime?
False
Is 220009 a prime number?
True
Is 10085 a prime number?
False
Is 28761 a prime number?
False
Is 1219 a prime number?
False
Is 161911 prime?
True
Is 96109 a prime number?
False
Is 49633 a prime number?
True
Is 21194 composite?
True
Is 12689 composite?
False
Is 297085 a prime number?
False
Is 396365 prime?
False
Is 9107 a prime number?
False
Is 81537 a composite number?
True
Is 12883 prime?
False
Is 309977 composite?
False
Is 27422 composite?
True
Is 286589 a prime number?
True
Is 6247 prime?
True
Is 641167 composite?
False
Is 166 a prime number?
False
Is 21703 prime?
False
Is 93521 a composite number?
True
Is 233729 composite?
True
Is 3212503 composite?
True
Is 40739 a composite number?
False
Is 6449 composite?
False
Is 3595 composite?
True
Is 185441 prime?
True
Is 40333 a prime number?
False
Is 14813 a composite number?
False
Is 199991 composite?
True
Is 217661 a prime number?
True
Is 24257 prime?
False
Is 1367143 composite?
True
Is 44483 a prime number?
True
Is 31087 a prime number?
False
Is 23011 a composite number?
False
Is 2116171 composite?
True
Is 9811 composite?
False
Is 71593 a prime number?
True
Is 20173 a prime number?
True
Is 224797 a prime number?
True
Is 106487 a prime number?
True
Is 1683509 a prime number?
False
Is 84685 a prime number?
False
Is 301747 composite?
False
Is 71317 a prime number?
True
Is 118 a prime number?
False
Is 73433 a prime number?
True
Is 238179 a composite number?
True
Is 971294 composite?
True
Is 20497 prime?
False
Is 3372601 prime?
True
Is 5981 a composite number?
False
Is 274889 prime?
True
Is 1186 composite?
True
Is 1847 a prime number?
True
Is 1064507 composite?
False
Is 70757 a composite number?
True
Is 54641 composite?
True
Is 8707 a prime number?
True
Is 375509 composite?
False
Is 240991 prime?
False
Is 3717689 composite?
False
Is 25423 a composite number?
False
Is 397399 a composite number?
True
Is 1873901 a composite number?
True
Is 179147 composite?
True
Is 11199 composite?
True
Is 24469 composite?
False
Is 415015 prime?
False
Is 38507 composite?
True
Is 25889 prime?
True
Is 25273 a composite number?
True
Is 15493 a prime number?
True
Is 625731 composite?
True
Is 97023 a composite number?
True
Is 2939 a composite number?
False
Is 447 composite?
True
Is 277363 a prime number?
True
Is 133053 a composite number?
True
Is 122441 composite?
True
Is 8903 a prime number?
False
Is 53653 composite?
False
Is 30061 prime?
False
Is 1552627 composite?
True
Is 79177 a prime number?
False
Is 1439 a composite number?
False
Is 288481 prime?
True
Is 65141 a prime number?
True
Is 38491 prime?
False
Is 160073 prime?
True
Is 1933105 a composite number?
True
Is 105073 composite?
True
Is 163831 composite?
True
Is 3271 a composite number?
False
Is 3581 a prime number?
True
Is 168673 composite?
False
Is 164911 prime?
True
Is 11863 prime?
True
Is 61859 a composite number?
True
Is 3061 prime?
True
Is 17891 prime?
True
Is 2301683 prime?
True
Is 3931